{"id":134,"date":"2014-01-01T20:18:57","date_gmt":"2014-01-01T20:18:57","guid":{"rendered":"http:\/\/video4all.cz\/?page_id=134"},"modified":"2024-10-17T07:56:31","modified_gmt":"2024-10-17T06:56:31","slug":"programova-nabidka","status":"publish","type":"page","link":"https:\/\/ktvnepomuk.cz\/?page_id=134","title":{"rendered":"Programov\u00e1 nab\u00eddka"},"content":{"rendered":"<h3><strong>Programov\u00e1 roz\u0161\u00ed\u0159en\u00e1 nab\u00eddka<\/strong><\/h3>\n<p><strong>V\u0161eobecn\u00e9<\/strong><br \/>\n\u010cT1 HD, \u010cT2 HD, Nova HD, Prima HD<del><\/del>, Nova FUN, Nova Action HD, Nova Gold, Prima COOL HD, Prima LOVE, RELAX, Noe TV HD, Seznam.cz HD, Paramount Network, A11, TV Lux HD, Prima STAR, Prima Show, Nova Lady, TV8<\/p>\n<p><strong>Slovensk\u00e9<\/strong><br \/>\nJednotka HD, Dvojka HD, RTVS 24 HD<\/p>\n<p><strong>Zpravodajsk\u00e9<\/strong><br \/>\n\u010cT24 , EuroNews, ZakTV, Infokan\u00e1l NIKA-TV, CNN Prima NEWS HD<\/p>\n<div class=\"text_exposed_show\">\n<p><strong>Filmov\u00e9<\/strong><br \/>\nCS Film, CS Mystery, Nova Cinema HD, Prima MAX HD, CS Horror, Warner TV<\/p>\n<p><strong>Sportovn\u00ed<\/strong><br \/>\n\u010cT Sport HD, Eurosport 1cz, Eurosport 2cz, Nova Sport 1 HD, Nova Sport 2 HD<del><br \/>\n<\/del><\/p>\n<p><strong>Dokument\u00e1rn\u00ed<\/strong><br \/>\n\u010cT art HD, Animal Planet CZ, Discovery CZ, Fishing &amp; Hunting, TLC, Investigation Discovery, Prima ZOOM HD, CS History, Mnam TV, Hobby TV, Arcadia World<\/p>\n<p><strong>Hudebn\u00ed a lifestyle<\/strong><br \/>\n\u00d3\u010dko, \u00d3\u010dko star, Rebel, Retro, \u0160l\u00e1gr Premium, \u0160l\u00e1gr 2<\/p>\n<p><strong>D\u011btsk\u00e9<\/strong><br \/>\nCS Mini, \u010cT <span class=\"_47e3 _5mfr\" title=\"Emotikona grin\"><span class=\"_7oe\" aria-hidden=\"true\">:D HD<\/span><\/span> , Nickelodeon, Nick Jr, Nicktoons<\/p>\n<p><strong>Erotick\u00e9<\/strong><br \/>\nLEO TV<\/p>\n<\/div>\n","protected":false},"excerpt":{"rendered":"<p>Programov\u00e1 roz\u0161\u00ed\u0159en\u00e1 nab\u00eddka V\u0161eobecn\u00e9 \u010cT1 HD, \u010cT2 HD, Nova HD, Prima HD, Nova FUN, Nova Action HD, Nova Gold, Prima COOL HD, Prima LOVE, RELAX, Noe TV HD, Seznam.cz HD, Paramount Network, A11, TV Lux HD, Prima STAR, Prima Show, Nova Lady, TV8 Slovensk\u00e9 Jednotka HD, Dvojka HD, RTVS 24 <a class=\"more-link\" href=\"https:\/\/ktvnepomuk.cz\/?page_id=134\">Cel\u00fd \u010dl\u00e1nek  <span class=\"screen-reader-text\">  Programov\u00e1 nab\u00eddka<\/span><span class=\"meta-nav\">&rarr;<\/span><\/a><\/p>\n","protected":false},"author":1,"featured_media":0,"parent":0,"menu_order":0,"comment_status":"closed","ping_status":"closed","template":"","meta":[],"_links":{"self":[{"href":"https:\/\/ktvnepomuk.cz\/index.php?rest_route=\/wp\/v2\/pages\/134"}],"collection":[{"href":"https:\/\/ktvnepomuk.cz\/index.php?rest_route=\/wp\/v2\/pages"}],"about":[{"href":"https:\/\/ktvnepomuk.cz\/index.php?rest_route=\/wp\/v2\/types\/page"}],"author":[{"embeddable":true,"href":"https:\/\/ktvnepomuk.cz\/index.php?rest_route=\/wp\/v2\/users\/1"}],"replies":[{"embeddable":true,"href":"https:\/\/ktvnepomuk.cz\/index.php?rest_route=%2Fwp%2Fv2%2Fcomments&post=134"}],"version-history":[{"count":46,"href":"https:\/\/ktvnepomuk.cz\/index.php?rest_route=\/wp\/v2\/pages\/134\/revisions"}],"predecessor-version":[{"id":837,"href":"https:\/\/ktvnepomuk.cz\/index.php?rest_route=\/wp\/v2\/pages\/134\/revisions\/837"}],"wp:attachment":[{"href":"https:\/\/ktvnepomuk.cz\/index.php?rest_route=%2Fwp%2Fv2%2Fmedia&parent=134"}],"curies":[{"name":"wp","href":"https:\/\/api.w.org\/{rel}","templated":true}]}}