{"id":749,"date":"2023-02-15T23:10:15","date_gmt":"2023-02-15T22:10:15","guid":{"rendered":"http:\/\/ktvnepomuk.cz\/?page_id=749"},"modified":"2026-01-08T12:35:07","modified_gmt":"2026-01-08T11:35:07","slug":"ip-tv","status":"publish","type":"page","link":"http:\/\/ktvnepomuk.cz\/?page_id=749","title":{"rendered":"internetov\u00e1 TV"},"content":{"rendered":"\n<p>IPTV internetov\u00e1 televize umo\u017e\u0148uje p\u0159\u00edjem televizn\u00edho vys\u00edl\u00e1n\u00ed p\u0159es internet.<\/p>\n<p>Pro p\u0159\u00edjem IP televize pot\u0159ebujete p\u0159ipojen\u00ed k internetu a televizor nebo set-top box, po\u010d\u00edta\u010d, chytr\u00e9 za\u0159\u00edzen\u00ed.<\/p>\n<p>Sledujte televizi p\u0159es internet kdykoli a kdekoliv.<br \/>S digit\u00e1ln\u00ed televiz\u00ed m\u016f\u017eete sv\u00e9 obl\u00edben\u00e9 po\u0159ady a filmy sledovat i zp\u011btn\u011b ji\u017e od<strong> 49 k\u010d<\/strong>.<\/p>\n<p>bal\u00ed\u010dek Antik TV mini &#8211; 131 televizn\u00edch stanic\u00a0 &#8211; 199 k\u010d\/m\u011bs\u00edc<br \/>bal\u00ed\u010dek Antik TV &#8211; 163 televizn\u00edch stanic &#8211; 299 k\u010d\/m\u011bs\u00edc <br \/>bal\u00ed\u010dek START &#8211; 124 televizn\u00edch stanic &#8211; 139 k\u010d\/m\u011bs\u00edc <br \/>bal\u00ed\u010dek STARTOVAC\u00cd &#8211; 124 televizn\u00edch stanic &#8211; 199 k\u010d\/m\u011bs\u00edc<br \/>bal\u00ed\u010dek RODINN\u00dd &#8211; 165 televizn\u00edch stanic &#8211; 399 k\u010d\/m\u011bs\u00edc<br \/>bal\u00ed\u010dek MAXIM\u00c1LN\u00cd &#8211; 205 televizn\u00edch stanic -799 k\u010d\/m\u011bs\u00edc<\/p>\n<p>Kontaktujte n\u00e1s na <a href=\"info@ktvnepomuk.cz\">emailu<\/a> nebo na telefonu 373 700 999 ud\u011bl\u00e1me pro V\u00e1s v\u00fdhodnou nab\u00eddku.<\/p>\n\n\n","protected":false},"excerpt":{"rendered":"<p>IPTV internetov\u00e1 televize umo\u017e\u0148uje p\u0159\u00edjem televizn\u00edho vys\u00edl\u00e1n\u00ed p\u0159es internet. Pro p\u0159\u00edjem IP televize pot\u0159ebujete p\u0159ipojen\u00ed k internetu a televizor nebo set-top box, po\u010d\u00edta\u010d, chytr\u00e9 za\u0159\u00edzen\u00ed. Sledujte televizi p\u0159es internet kdykoli a kdekoliv.S digit\u00e1ln\u00ed televiz\u00ed m\u016f\u017eete sv\u00e9 obl\u00edben\u00e9 po\u0159ady a filmy sledovat i zp\u011btn\u011b ji\u017e od 49 k\u010d. bal\u00ed\u010dek Antik TV <a class=\"more-link\" href=\"http:\/\/ktvnepomuk.cz\/?page_id=749\">Cel\u00fd \u010dl\u00e1nek  <span class=\"screen-reader-text\">  internetov\u00e1 TV<\/span><span class=\"meta-nav\">&rarr;<\/span><\/a><\/p>\n","protected":false},"author":1,"featured_media":0,"parent":0,"menu_order":0,"comment_status":"closed","ping_status":"closed","template":"page-fullwidth.php","meta":[],"_links":{"self":[{"href":"http:\/\/ktvnepomuk.cz\/index.php?rest_route=\/wp\/v2\/pages\/749"}],"collection":[{"href":"http:\/\/ktvnepomuk.cz\/index.php?rest_route=\/wp\/v2\/pages"}],"about":[{"href":"http:\/\/ktvnepomuk.cz\/index.php?rest_route=\/wp\/v2\/types\/page"}],"author":[{"embeddable":true,"href":"http:\/\/ktvnepomuk.cz\/index.php?rest_route=\/wp\/v2\/users\/1"}],"replies":[{"embeddable":true,"href":"http:\/\/ktvnepomuk.cz\/index.php?rest_route=%2Fwp%2Fv2%2Fcomments&post=749"}],"version-history":[{"count":24,"href":"http:\/\/ktvnepomuk.cz\/index.php?rest_route=\/wp\/v2\/pages\/749\/revisions"}],"predecessor-version":[{"id":852,"href":"http:\/\/ktvnepomuk.cz\/index.php?rest_route=\/wp\/v2\/pages\/749\/revisions\/852"}],"wp:attachment":[{"href":"http:\/\/ktvnepomuk.cz\/index.php?rest_route=%2Fwp%2Fv2%2Fmedia&parent=749"}],"curies":[{"name":"wp","href":"https:\/\/api.w.org\/{rel}","templated":true}]}}