{"id":212,"date":"2014-01-21T00:33:16","date_gmt":"2014-01-20T23:33:16","guid":{"rendered":"http:\/\/ktvnepomuk.cz\/?page_id=212"},"modified":"2020-01-27T16:58:33","modified_gmt":"2020-01-27T15:58:33","slug":"mam-problem","status":"publish","type":"page","link":"http:\/\/ktvnepomuk.cz\/?page_id=212","title":{"rendered":"\u010cast\u00e9 ot\u00e1zky"},"content":{"rendered":"<p><strong>Nelze naladit programy?<\/strong><\/p>\n<ul>\n<li>Zkontrolujte zapojen\u00ed kabelu<\/li>\n<\/ul>\n<ul>\n<li>Ujist\u011bte se, \u017ee lad\u00edte normu DVB-T jako zdroj sign\u00e1lu<strong> &#8222;ant\u00e9na&#8220; <\/strong>a nikoliv<strong> &#8222;kabel&#8220;, <\/strong>proto\u017ee v na\u0161\u00ed kabelov\u00e9 televizi \u0161\u00ed\u0159\u00edme TV stanice v syst\u00e9mu DVB-T.<\/li>\n<\/ul>\n<p><strong>Vypad\u00e1v\u00e1 \u010di \u201ekosti\u010dkuje\u201c obraz?<\/strong><\/p>\n<ul>\n<li>Velmi \u010dast\u00fd probl\u00e9m. P\u0159ev\u00e1\u017en\u011b spo\u010d\u00edv\u00e1 v nedostate\u010dn\u00e9m odst\u00edn\u011bn\u00ed Va\u0161ich koaxi\u00e1ln\u00edch kabel\u016f. Pop\u0159\u00edpad\u011b v pou\u017eit\u00ed nevhodn\u00e9ho rozbo\u010dova\u010de pro v\u00edce televizor\u016f. Nevyhovuj\u00edc\u00ed a velmi roz\u0161\u00ed\u0159en\u00e9, jsou koaxi\u00e1ln\u00ed kabely zcela bez potisku nebo s potiskem a ozna\u010den\u00edm <strong>3C-2V<\/strong>. Tyto kabely doporu\u010dujeme nepou\u017e\u00edvat. Kontaktuje n\u00e1s kabel V\u00e1m prov\u011b\u0159\u00edme p\u0159\u00edpadn\u011b vym\u011bn\u00edme..<\/li>\n<\/ul>\n<p><strong>Uva\u017euji o nov\u00e9m televizn\u00edm p\u0159ij\u00edma\u010di. Co by m\u011bl um\u011bt?<\/strong><\/p>\n<ul>\n<li>DVB-T\/C tunerem, aby bylo mo\u017en\u00e9 programy KTV naladit<\/li>\n<li>MPEG4 dekod\u00e9rem, aby jste m\u011bli mo\u017enost sledovat HD nab\u00eddku<\/li>\n<\/ul>\n","protected":false},"excerpt":{"rendered":"<p>Nelze naladit programy? Zkontrolujte zapojen\u00ed kabelu Ujist\u011bte se, \u017ee lad\u00edte normu DVB-T jako zdroj sign\u00e1lu &#8222;ant\u00e9na&#8220; a nikoliv &#8222;kabel&#8220;, proto\u017ee v na\u0161\u00ed kabelov\u00e9 televizi \u0161\u00ed\u0159\u00edme TV stanice v syst\u00e9mu DVB-T. Vypad\u00e1v\u00e1 \u010di \u201ekosti\u010dkuje\u201c obraz? Velmi \u010dast\u00fd probl\u00e9m. P\u0159ev\u00e1\u017en\u011b spo\u010d\u00edv\u00e1 v nedostate\u010dn\u00e9m odst\u00edn\u011bn\u00ed Va\u0161ich koaxi\u00e1ln\u00edch kabel\u016f. Pop\u0159\u00edpad\u011b v pou\u017eit\u00ed nevhodn\u00e9ho rozbo\u010dova\u010de <a class=\"more-link\" href=\"http:\/\/ktvnepomuk.cz\/?page_id=212\">Cel\u00fd \u010dl\u00e1nek  <span class=\"screen-reader-text\">  \u010cast\u00e9 ot\u00e1zky<\/span><span class=\"meta-nav\">&rarr;<\/span><\/a><\/p>\n","protected":false},"author":1,"featured_media":0,"parent":0,"menu_order":0,"comment_status":"closed","ping_status":"closed","template":"","meta":[],"_links":{"self":[{"href":"http:\/\/ktvnepomuk.cz\/index.php?rest_route=\/wp\/v2\/pages\/212"}],"collection":[{"href":"http:\/\/ktvnepomuk.cz\/index.php?rest_route=\/wp\/v2\/pages"}],"about":[{"href":"http:\/\/ktvnepomuk.cz\/index.php?rest_route=\/wp\/v2\/types\/page"}],"author":[{"embeddable":true,"href":"http:\/\/ktvnepomuk.cz\/index.php?rest_route=\/wp\/v2\/users\/1"}],"replies":[{"embeddable":true,"href":"http:\/\/ktvnepomuk.cz\/index.php?rest_route=%2Fwp%2Fv2%2Fcomments&post=212"}],"version-history":[{"count":16,"href":"http:\/\/ktvnepomuk.cz\/index.php?rest_route=\/wp\/v2\/pages\/212\/revisions"}],"predecessor-version":[{"id":653,"href":"http:\/\/ktvnepomuk.cz\/index.php?rest_route=\/wp\/v2\/pages\/212\/revisions\/653"}],"wp:attachment":[{"href":"http:\/\/ktvnepomuk.cz\/index.php?rest_route=%2Fwp%2Fv2%2Fmedia&parent=212"}],"curies":[{"name":"wp","href":"https:\/\/api.w.org\/{rel}","templated":true}]}}

Časté otázky

<p><strong>Nelze naladit programy?</strong></p>
<ul>
<li>Zkontrolujte zapojení kabelu</li>
</ul>
<ul>
<li>Ujistěte se, že ladíte normu DVB-T jako zdroj signálu<strong> &#8222;anténa&#8220; </strong>a nikoliv<strong> &#8222;kabel&#8220;, </strong>protože v naší kabelové televizi šíříme TV stanice v systému DVB-T.</li>
</ul>
<p><strong>Vypadává či „kostičkuje“ obraz?</strong></p>
<ul>
<li>Velmi častý problém. Převážně spočívá v nedostatečném odstínění Vašich koaxiálních kabelů. Popřípadě v použití nevhodného rozbočovače pro více televizorů. Nevyhovující a velmi rozšířené, jsou koaxiální kabely zcela bez potisku nebo s potiskem a označením <strong>3C-2V</strong>. Tyto kabely doporučujeme nepoužívat. Kontaktuje nás kabel Vám prověříme případně vyměníme..</li>
</ul>
<p><strong>Uvažuji o novém televizním přijímači. Co by měl umět?</strong></p>
<ul>
<li>DVB-T/C tunerem, aby bylo možné programy KTV naladit</li>
<li>MPEG4 dekodérem, aby jste měli možnost sledovat HD nabídku</li>
</ul>

<p>Nelze naladit programy? Zkontrolujte zapojení kabelu Ujistěte se, že ladíte normu DVB-T jako zdroj signálu &#8222;anténa&#8220; a nikoliv &#8222;kabel&#8220;, protože v naší kabelové televizi šíříme TV stanice v systému DVB-T. Vypadává či „kostičkuje“ obraz? Velmi častý problém. Převážně spočívá v nedostatečném odstínění Vašich koaxiálních kabelů. Popřípadě v použití nevhodného rozbočovače <a class="more-link" href="http://ktvnepomuk.cz/?page_id=212">Celý článek  <span class="screen-reader-text">  Časté otázky</span><span class="meta-nav">&rarr;</span></a></p>
