{"id":136,"date":"2014-01-01T20:19:32","date_gmt":"2014-01-01T19:19:32","guid":{"rendered":"http:\/\/video4all.cz\/?page_id=136"},"modified":"2025-12-31T11:34:02","modified_gmt":"2025-12-31T10:34:02","slug":"novinky","status":"publish","type":"page","link":"http:\/\/ktvnepomuk.cz\/","title":{"rendered":"Novinky"},"content":{"rendered":"<p><b>Ceny za slu\u017eby se od 1. 1. 2026 nem\u011bn\u00ed.<\/b><\/p>\n<p>19.12. 2024<br \/>\nV sou\u010dasnosti doch\u00e1z\u00ed k celorepublikov\u00fdm v\u00fdpadk\u016fm n\u011bkter\u00fdch televizn\u00edch kan\u00e1l\u016f, jako je Nova a Prima, kv\u016fli poru\u0161e sign\u00e1lu od oper\u00e1tora, kter\u00fd o t\u00e9to chyb\u011b v\u00ed a pracuje na jej\u00edm odstran\u011bn\u00ed. D\u00e1le informujeme, \u017ee kan\u00e1l Barrandov m\u00e1 moment\u00e1ln\u011b \u00fapln\u00e9 vypnut\u00ed sv\u00fdch slu\u017eeb. Omlouv\u00e1me se za zp\u016fsoben\u00e9 nep\u0159\u00edjemnosti a d\u011bkujeme za trp\u011blivost.<\/p>\n<p>19.9. 2024<br \/>\nBylo p\u0159eru\u0161eno vys\u00edl\u00e1n\u00ed program\u016f TV Barrandov, a to z d\u016fvodu nepln\u011bn\u00ed smluvn\u00edch z\u00e1vazk\u016f jej\u00edm provozovatelem.<\/p>\n<p>bylo p\u0159eru\u0161eno satelitn\u00ed vys\u00edl\u00e1n\u00ed program\u016f TV Barrandov, a to z d\u016fvodu nepln\u011bn\u00ed smluvn\u00edch z\u00e1vazk\u016f jej\u00edm provozovatelem.<\/p>\n<p>26.5. 2024<br \/>\nV rann\u00edch hodin\u00e1ch se povedlo opravit v\u0161echny hlavn\u00ed trasy. Pokud st\u00e1le nem\u00e1te sign\u00e1l pros\u00edme aby jste n\u00e1s kontaktovali a\u0165 m\u016f\u017eeme prov\u011b\u0159it va\u0161i p\u0159\u00edpojku.<br \/>\nD\u011bkujeme za pochopen\u00ed.<\/p>\n<p>25.5. 14:15<\/p>\n<p>V\u00a014:15 po\u00a0\u00faderu blesku na \u00fazem\u00ed Nepomuka do\u0161lo k\u00a0po\u0161kozen\u00ed velk\u00e9 \u010d\u00e1sti infrastruktury KTV. Na oprav\u011b se pracuje, ale bude trvat n\u011bkolik hodin. D\u011bkujeme za pochopen\u00ed.<\/p>\n<p>19.3.2024 &#8211; od 8.00 hod<br \/>\nOmlouv\u00e1me se za v\u00fdpadky program\u016f . Jedn\u00e1 se o z\u00e1vadu na distribu\u010dn\u00ed trase sign\u00e1lu kter\u00e9 postihlo i ostatn\u00ed oper\u00e1tory.<\/p>\n<p>22.1. 2023 &#8211; 11:25<br \/>\nV\u00fdpadek slu\u017eby KTV !<br \/>\nOmlouv\u00e1me se na\u0161im z\u00e1kazn\u00edk\u016fm za nepl\u00e1novan\u00fd v\u00fdpadek TV sign\u00e1lu KTV , kter\u00fd je zap\u0159\u00ed\u010din\u011bn poruchou na elektrick\u00e9m veden\u00ed \u010cEZ Distribuce. Na obnoven\u00ed dod\u00e1vky elektrick\u00e9ho energie \u010cEZ Distribuce pracuje.<\/p>\n<p>10.10. 2022<br \/>\nOmlouv\u00e1me se u\u017eivatel\u016fm kabelov\u00e9 televize (ulice: Plze\u0148sk\u00e1, N\u00e1b\u0159e\u017e\u00ed, P\u0159esanick\u00e1, U rybn\u00edka, Nov\u00e9 m\u011bsto, Na jednot\u011b) za v\u00fdpadek televizn\u00edho p\u0159\u00edjmu,kter\u00fd je zp\u016fsoben po\u0161kozen\u00edm trasov\u00e9ho kabelu. Na oprav\u011b pracujeme. D\u011bkujeme za pochopen\u00ed.<\/p>\n<p>7.9.2022<\/p>\n<p><span class=\"gvxzyvdx aeinzg81 t7p7dqev gh25dzvf exr7barw b6ax4al1 gem102v4 ncib64c9 mrvwc6qr sx8pxkcf f597kf1v cpcgwwas m2nijcs8 hxfwr5lz k1z55t6l oog5qr5w tes86rjd pbevjfx6 ztn2w49o\" dir=\"auto\">Omlouv\u00e1me se dvoreck\u00fdm u\u017eivatel\u016fm kabelov\u00e9 televize za v\u00fdpadek televizn\u00edho p\u0159\u00edjmu,kter\u00fd je zp\u016fsoben po\u0161kozen\u00edm trasov\u00e9ho kabelu v ulici Poln\u00ed. Na oprav\u011b pracujeme. D\u011bkujeme za pochopen\u00ed.<\/span><\/p>\n<p>1.6. 2022<br \/>\nDnes doch\u00e1z\u00ed na kan\u00e1lu K41 ukon\u010den\u00ed programu Nicktoons, nyn\u00ed ho nalad\u00edte na kan\u00e1lu K26.<\/p>\n<p><strong>12.12.2021<\/strong><\/p>\n<p>Informace o zm\u011bn\u011b poplatku od 01.01.2022<\/p>\n<p>V\u00e1\u017een\u00ed u\u017eivatel\u00e9 kabelov\u00e9 TV.<\/p>\n<p>V prvn\u00ed \u0159ad\u011b n\u00e1m dovolte V\u00e1m pod\u011bkovat za dosavadn\u00ed vyu\u017e\u00edv\u00e1n\u00ed na\u0161ich slu\u017eeb a pop\u0159\u00e1t V\u00e1m p\u0159\u00edjemn\u00e9 pro\u017eit\u00ed v\u00e1no\u010dn\u00edch sv\u00e1tk\u016f a pohodov\u00fd vstup do nov\u00e9ho roku 2022.<\/p>\n<p>D\u00e1le V\u00e1s bohu\u017eel mus\u00edme informovat o skute\u010dnosti, \u017ee vzhledem k neust\u00e1l\u00e9mu n\u00e1rustu cen energi\u00ed a cen licen\u010dn\u00edch programov\u00fdch poplatk\u016f, jsme nuceni od 1.1.2022 o 3% zv\u00fd\u0161it ro\u010dn\u00ed platbu za slu\u017ebu KTV.<br \/>\nVelmi si v\u00e1\u017e\u00edme va\u0161eho dlouhodob\u00e9ho z\u00e1jmu o vyu\u017e\u00edv\u00e1n\u00ed slu\u017eeb KTV Nepomuk, a proto st\u00e1le roz\u0161i\u0159ujeme programovou skladbu na\u0161\u00ed TV. V uplynul\u00e9m roce jsme roz\u0161\u00ed\u0159ili programovou skladbu o n\u011bkolik program\u016f. Nap\u0159. \u010cT3, Hobby TV, TLC, M\u0148am, CS History, CS Horor. V\u011bt\u0161ina na\u0161ich program\u016f je pln\u011b vys\u00edl\u00e1na v HD kvalit\u011b. Jako jedni z m\u00e1la poskytovatel\u016f p\u0159enesen\u00e9ho vys\u00edl\u00e1n\u00ed jsme udr\u017eeli programy jako jsou Discovery, Eurosport 1 a 2 a Animal Planet, a to i p\u0159e fakt, \u017ee ceny za vys\u00edl\u00e1n\u00ed t\u011bchto pr\u00e9miov\u00fdch kan\u00e1l\u016f se velmi zv\u00fd\u0161ila. Pro rok 2022 vyjedn\u00e1v\u00e1me s medi\u00e1ln\u00edmi domy o za\u0159azen\u00ed dal\u0161\u00edch program\u016f jako jsou Prima CNN, Nova Lady, atd. Na spadnut\u00ed je i podpis nov\u00e9 smlouvy na programy skupiny Barrandov, kter\u00e9 op\u011bt za\u0159ad\u00edme do vys\u00edl\u00e1n\u00ed.<\/p>\n<p>P\u0159ejeme V\u00e1m ni\u010d\u00edm neru\u0161en\u00e9 V\u00e1noce a kr\u00e1sn\u00e9 pro\u017eit\u00ed v\u00e1no\u010dn\u00edch sv\u00e1tk\u016f.<\/p>\n<p>T\u00fdm KTV Nepomuk<\/p>\n<p>1.11. 2021<\/p>\n<p>V\u00e1\u017een\u00ed z\u00e1kazn\u00edci, dovolte, abychom V\u00e1s informovali o odstran\u011bn\u00ed televizn\u00edch kan\u00e1l\u016f Barrandov.<br \/>\nKan\u00e1ly Barrandov m\u011bly b\u00fdt nov\u011b v nab\u00eddce KTV zpoplatn\u011bny, co\u017e by se negativn\u011b prom\u00edtlo do ceny, proto jsme nep\u0159istoupili na navr\u017een\u00e9 podm\u00ednky. K tomuto rozhodnut\u00ed jsme dosp\u011bli po dlouh\u00fdch jedn\u00e1n\u00edch a zv\u00e1\u017een\u00ed v\u0161ech okolnost\u00ed jako je obsahov\u00e1 n\u00e1pl\u0148 kan\u00e1l\u016f, mno\u017estv\u00ed vlastn\u00ed tvorby, obsah reklam a teleshoppingu, \u00fazce vymezen\u00e1 c\u00edlov\u00e1 skupina, ale i n\u00edzk\u00e1 sledovanost.<br \/>\nV n\u00e1vaznosti na p\u0159edchoz\u00ed argumenty vn\u00edm\u00e1 jako nespravedliv\u00e9, \u017ee za \u0161\u00ed\u0159en\u00ed kan\u00e1l\u016f Barrandov v s\u00edti dvb-t majitel televizn\u00edch stanic naopak plat\u00ed velmi vysok\u00e9 \u010d\u00e1stky.<\/p>\n<p>V\u011b\u0159\u00edme, \u017ee ocen\u00edte tento p\u0159\u00edstup.<\/p>\n<p><strong>29.06. 2021 &#8211; 20:00<\/strong><br \/>\nDo\u0161lo k v\u00fdpadku elektrick\u00e9 energie z d\u016fvodu hav\u00e1rie na elektrick\u00e9m veden\u00ed.<br \/>\nB\u011bhem t\u00e9to doby bude v n\u011bkter\u00fdch lokalit\u00e1ch p\u0159eru\u0161en sign\u00e1l vys\u00edl\u00e1n\u00ed KTV.<br \/>\nD\u011bkujeme za pochopen\u00ed.<\/p>\n<p><strong>12.02. 2021 &#8211; 15:50<\/strong><br \/>\nDo\u0161lo k v\u00fdpadku elektrick\u00e9 energie z d\u016fvodu hav\u00e1rie na elektrick\u00e9m veden\u00ed.<br \/>\nB\u011bhem t\u00e9to doby bude v n\u011bkter\u00fdch lokalit\u00e1ch p\u0159eru\u0161en sign\u00e1l vys\u00edl\u00e1n\u00ed KTV.<br \/>\nD\u011bkujeme za pochopen\u00ed.<\/p>\n<p><strong>18.1. 2021<\/strong><br \/>\nUpozorn\u011bn\u00ed, p\u0159i zm\u011bn\u011b vys\u00edlac\u00ed techniky na n\u011bkter\u00fdch televizorech p\u0159estaly fungovat slovensk\u00e9 stanice. Pro obnovu sta\u010d\u00ed manu\u00e1ln\u00ed lad\u011bn\u00ed a p\u0159eladit kan\u00e1l 31 (554 MHz).<br \/>\nD\u011bkujeme za pochopen\u00ed.<\/p>\n<p><a href=\"http:\/\/ktvnepomuk.cz\/?page_id=454\">archiv novinek<\/a><\/p>\n","protected":false},"excerpt":{"rendered":"<p>Ceny za slu\u017eby se od 1. 1. 2026 nem\u011bn\u00ed. 19.12. 2024 V sou\u010dasnosti doch\u00e1z\u00ed k celorepublikov\u00fdm v\u00fdpadk\u016fm n\u011bkter\u00fdch televizn\u00edch kan\u00e1l\u016f, jako je Nova a Prima, kv\u016fli poru\u0161e sign\u00e1lu od oper\u00e1tora, kter\u00fd o t\u00e9to chyb\u011b v\u00ed a pracuje na jej\u00edm odstran\u011bn\u00ed. D\u00e1le informujeme, \u017ee kan\u00e1l Barrandov m\u00e1 moment\u00e1ln\u011b \u00fapln\u00e9 vypnut\u00ed sv\u00fdch <a class=\"more-link\" href=\"http:\/\/ktvnepomuk.cz\/\">Cel\u00fd \u010dl\u00e1nek  <span class=\"screen-reader-text\">  Novinky<\/span><span class=\"meta-nav\">&rarr;<\/span><\/a><\/p>\n","protected":false},"author":1,"featured_media":0,"parent":0,"menu_order":0,"comment_status":"closed","ping_status":"closed","template":"page-fullwidth.php","meta":[],"_links":{"self":[{"href":"http:\/\/ktvnepomuk.cz\/index.php?rest_route=\/wp\/v2\/pages\/136"}],"collection":[{"href":"http:\/\/ktvnepomuk.cz\/index.php?rest_route=\/wp\/v2\/pages"}],"about":[{"href":"http:\/\/ktvnepomuk.cz\/index.php?rest_route=\/wp\/v2\/types\/page"}],"author":[{"embeddable":true,"href":"http:\/\/ktvnepomuk.cz\/index.php?rest_route=\/wp\/v2\/users\/1"}],"replies":[{"embeddable":true,"href":"http:\/\/ktvnepomuk.cz\/index.php?rest_route=%2Fwp%2Fv2%2Fcomments&post=136"}],"version-history":[{"count":134,"href":"http:\/\/ktvnepomuk.cz\/index.php?rest_route=\/wp\/v2\/pages\/136\/revisions"}],"predecessor-version":[{"id":849,"href":"http:\/\/ktvnepomuk.cz\/index.php?rest_route=\/wp\/v2\/pages\/136\/revisions\/849"}],"wp:attachment":[{"href":"http:\/\/ktvnepomuk.cz\/index.php?rest_route=%2Fwp%2Fv2%2Fmedia&parent=136"}],"curies":[{"name":"wp","href":"https:\/\/api.w.org\/{rel}","templated":true}]}}